{"id":122,"date":"2025-12-15T22:28:15","date_gmt":"2025-12-15T19:28:15","guid":{"rendered":"http:\/\/localhost\/medyasal\/akis\/son-dakika-karadenizde-iha-dusuruldu-karadenizde-turk-hava-sahasina-yaklasan\/"},"modified":"2026-01-29T13:10:34","modified_gmt":"2026-01-29T10:10:34","slug":"son-dakika-karadenizde-iha-dusuruldu-karadenizde-turk-hava-sahasina-yaklasan","status":"publish","type":"status_update","link":"https:\/\/demo.vianecraft.com\/x\/akis\/son-dakika-karadenizde-iha-dusuruldu-karadenizde-turk-hava-sahasina-yaklasan\/","title":{"rendered":"SON DAK\u0130KA: Karadeniz&#8217;de \u0130HA d\u00fc\u015f\u00fcr\u00fcld\u00fc!"},"content":{"rendered":"<p>SON DAK\u0130KA: Karadeniz&#8217;de \u0130HA d\u00fc\u015f\u00fcr\u00fcld\u00fc!<\/p>\n<p>Karadeniz&#8217;de T\u00fcrk hava sahas\u0131na yakla\u015fan bir \u0130HA, T\u00fcrk Hava Kuvvetleri&#8217;ne ait F-16&#8217;lar taraf\u0131ndan d\u00fc\u015f\u00fcr\u00fcld\u00fc.<\/p>\n","protected":false},"author":1,"featured_media":121,"comment_status":"open","ping_status":"closed","template":"","class_list":["post-122","status_update","type-status_update","status-publish","has-post-thumbnail","hentry"],"_links":{"self":[{"href":"https:\/\/demo.vianecraft.com\/x\/wp-json\/wp\/v2\/status_update\/122","targetHints":{"allow":["GET"]}}],"collection":[{"href":"https:\/\/demo.vianecraft.com\/x\/wp-json\/wp\/v2\/status_update"}],"about":[{"href":"https:\/\/demo.vianecraft.com\/x\/wp-json\/wp\/v2\/types\/status_update"}],"author":[{"embeddable":true,"href":"https:\/\/demo.vianecraft.com\/x\/wp-json\/wp\/v2\/users\/1"}],"replies":[{"embeddable":true,"href":"https:\/\/demo.vianecraft.com\/x\/wp-json\/wp\/v2\/comments?post=122"}],"wp:featuredmedia":[{"embeddable":true,"href":"https:\/\/demo.vianecraft.com\/x\/wp-json\/wp\/v2\/media\/121"}],"wp:attachment":[{"href":"https:\/\/demo.vianecraft.com\/x\/wp-json\/wp\/v2\/media?parent=122"}],"curies":[{"name":"wp","href":"https:\/\/api.w.org\/{rel}","templated":true}]}}

SON DAKİKA: Karadeniz&#8217;de İHA düşürüldü!

<p>SON DAKİKA: Karadeniz&#8217;de İHA düşürüldü!</p>
<p>Karadeniz&#8217;de Türk hava sahasına yaklaşan bir İHA, Türk Hava Kuvvetleri&#8217;ne ait F-16&#8217;lar tarafından düşürüldü.</p>
